common divisor of 1769405 and 2585?
55
Calculate the highest common factor of 546 and 9559578.
42
What is the greatest common factor of 3186 and 341138?
118
Calculate the highest common divisor of 3567 and 996237.
87
Calculate the highest common divisor of 24005938 and 748.
374
Calculate the greatest common divisor of 208216224 and 18.
18
Calculate the greatest common factor of 1738378 and 4514.
122
What is the highest common factor of 1568 and 411041792?
1568
What is the highest common divisor of 1316191 and 2785?
557
Calculate the highest common divisor of 17 and 180799403.
17
What is the highest common divisor of 3139 and 19694?
43
Calculate the greatest common factor of 5754435 and 120.
15
What is the highest common factor of 19175844 and 348?
348
Calculate the highest common divisor of 32 and 34253152.
32
What is the highest common factor of 12005787 and 22116?
291
Calculate the greatest common divisor of 1920 and 745384320.
1920
Calculate the greatest common factor of 14325240 and 435784.
9272
What is the highest common divisor of 140 and 249431245?
35
Calculate the greatest common factor of 11032 and 7050827.
1379
What is the greatest common divisor of 898 and 789559765?
449
What is the greatest common divisor of 182098445 and 955?
955
What is the greatest common divisor of 9 and 46412712?
9
Calculate the highest common divisor of 4456364 and 308.
44
Calculate the greatest common divisor of 551230 and 272630.
1990
What is the highest common divisor of 4222614 and 330?
66
Calculate the highest common factor of 15818989 and 29511.
1093
What is the greatest common factor of 3294 and 5373?
27
What is the highest common factor of 3147249 and 6789?
219
What is the greatest common factor of 398 and 3188378?
398
Calculate the highest common factor of 25952 and 412370792.
6488
What is the greatest common divisor of 2172209 and 117?
13
Calculate the greatest common divisor of 39 and 3512337569.
13
What is the greatest common divisor of 6432 and 425316?
804
What is the greatest common divisor of 231 and 14280321?
33
Calculate the highest common divisor of 144 and 335722448.
16
Calculate the highest common divisor of 48 and 57137040.
48
What is the greatest common factor of 6400119 and 297?
33
Calculate the greatest common divisor of 50934 and 522.
6
What is the highest common divisor of 63631 and 247?
19
What is the highest common divisor of 166408 and 62546716?
7564
Calculate the greatest common factor of 422996 and 1022.
14
Calculate the greatest common divisor of 82563 and 84753.
219
Calculate the highest common factor of 1921067 and 56143.
2441
What is the highest common factor of 545979 and 24?
3
What is the highest common factor of 3081524 and 20?
4
Calculate the highest common divisor of 55946989 and 1211.
1211
What is the highest common divisor of 29218198 and 604?
302
Calculate the highest common divisor of 270 and 390942.
18
Calculate the highest common divisor of 7 and 146033.
1
What is the highest common divisor of 1030 and 57501398?
206
Calculate the greatest common divisor of 6976 and 384896.
64
What is the greatest common factor of 9002084 and 2249?
13
What is the greatest common divisor of 20248 and 2644?
4
Calculate the greatest common factor of 39597564 and 78.
6
Calculate the greatest common divisor of 5223855 and 637.
91
What is the greatest common divisor of 26775 and 24039225?
1575
Calculate the highest common divisor of 42912 and 997344.
288
Calculate the highest common factor of 1565760366 and 1962.
1962
Calculate the greatest common factor of 17168 and 5726601.
1073
What is the highest common divisor of 425838 and 11333?
7
Calculate the greatest common factor of 8298024 and 168.
168
Calculate the greatest common divisor of 5088 and 2398752.
96
What is the greatest common factor of 31477565 and 70?
35
Calculate the greatest common factor of 144 and 627600.
48
Calculate the greatest common factor of 1085216175 and 219.
219
What is the highest common factor of 22082 and 156892?
122
Calculate the highest common factor of 7362 and 28905666.
2454
What is the highest common divisor of 770421 and 2769?
213
Calculate the highest common factor of 71407 and 497324.
101
Calculate the greatest common divisor of 1634771 and 4250.
17
Calculate the highest common divisor of 21432 and 5928.
456
Calculate the greatest common divisor of 246631 and 18711.
77
Calculate the highest common factor of 3459228 and 784398.
3282
What is the highest common factor of 6902 and 54982318?
986
What is the greatest common factor of 54531 and 487791?
747
Calculate the greatest common divisor of 85617430 and 367.
367
Calculate the highest common factor of 21309 and 8292.
3
Calculate the highest common factor of 80 and 71824270.
10
Calculate the greatest common factor of 138239767 and 794.
397
What is the greatest common divisor of 512362 and 94?
2
Calculate the greatest common factor of 19669 and 1991210.
221
Calculate the greatest common factor of 27059145 and 25.
5
Calculate the greatest common factor of 4045356 and 585144.
756
What is the highest common divisor of 2471619497 and 233?
233
What is the greatest common factor of 3425 and 389419075?
3425
Calculate the highest common divisor of 254749 and 20801.
11
Calculate the highest common factor of 3522739 and 383537.
3223
What is the highest common divisor of 32315247 and 207?
9
Calculate the greatest common factor of 982975 and 58015.
205
Calculate the greatest common factor of 378 and 39526002.
54
Calculate the greatest common divisor of 1218 and 183251348.
406
Calculate the greatest common factor of 2620 and 100530579.
131
What is the highest common factor of 629 and 2896323?
37
Calculate the highest common factor of 33420441 and 348.
87
Calculate the greatest common factor of 1325719 and 898991.
1301
What is the greatest common factor of 2156 and 22208956?
2156
Calculate the highest common divisor of 2550 and 36891360.
510
What is the greatest common factor of 709170 and 1260?
210
What is the greatest common divisor of 10931200 and 539728?
6832
Calculate the greatest common factor of 180950 and 815215.
235
What is the greatest common factor of 1208 and 3793724?
604
What is the greatest common factor of 3643898 and 1719?
191
Calculate the greatest common factor of 90504 and 2052.
108
Calculate the highest common factor of 942 and 15094.
2
Calculate the highest common factor of 2673 and 5810563.
11
What is the highest common factor of 38256996 and 12?
12
Calculate the greatest common divisor of 260948 and 237492.
2932
What is the highest common divisor of 205 and 34781?
1
What is the highest common divisor of 44 and 1082774?
22
Calculate the greatest common factor of 331776 and 1242.
54
Calculate the highest common divisor of 86084009 and 869.
869
What is the highest common factor of 207 and 30015966?
69
What is the highest common divisor of 110646 and 139401?
81
Calculate the greatest common divisor of 21 and 10780966.
7
Calculate the greatest common factor of 1722 and 389351334.
246
Calculate the greatest common divisor of 47475 and 51165.
45
Calculate the highest common divisor of 7690 and 3305.
5
What is the highest common factor of 5306 and 15826282?
758
What is the highest common factor of 3505950 and 1500?
150
Calculate the highest common factor of 294320364 and 65312.
8164
What is the greatest common divisor of 19188 and 192946?
1066
Calculate the highest common divisor of 817 and 1053027.
43
What is the greatest common factor of 1316717616 and 12?
12
What is the highest common factor of 1630 and 8514910?
10
What is the highest common divisor of 30743 and 40339579?
433
What is the greatest common divisor of 68 and 28020964?
68
What is the greatest common divisor of 11712 and 26901?
183
Calculate the greatest common divisor of 99 and 27852924.
33
Calculate the highest common divisor of 5872 and 7535611.
367
Calculate the greatest common factor of 2024 and 1129984.
8
Calculate the highest common factor of 3887 and 36634676.
299
Calculate the highest common divisor of 2065611 and 3615.
723
What is the highest common factor of 21576551 and 87?
29
Calculate the highest common factor of 708928 and 212.
212
Calculate the greatest common factor of 78984715 and 1964.
491
Calculate the greatest common